.
13
Let k(z) be the third derivative of 1/6*z**3 + 1/120*z**6 + 0 - 1/20*z**5 + 0*z - 1/12*z**4 + 79*z**2. Give k(4).
9
Suppose 3*d + 2*o = 6*o - 57, 5*d - 5*o = -95. Let t = d - -19. Let y(j) = -j**3 + j**2 + j + 2. What is y(t)?
2
Let q(x) = x**3 - 28*x**2 + 28*x - 15. Let h = 19328 - 19301. Calculate q(h).
12
Let b = 28 + -28. Suppose b = 2*v + 4*v - 18. Suppose 0 = 4*h - 0*h - v*l - 39, -3*h - l = -13. Let i(w) = -w + 4. Give i(h).
-2
Let l(w) = w + 1. Let u(f) be the third derivative of 1/120*f**6 - 15*f**2 - 7/24*f**4 - 7/60*f**5 - 4/3*f**3 + 0*f + 0. Let q be u(8). Determine l(q).
1
Let s(q) = q - 19. Suppose -2*m - 5 = -10*m + 91. Determine s(m).
-7
Let p be 1/((-5)/(2 + 3)). Suppose -2*w + 4 = -0. Let s(t) = -6*t + 2*t + t - 1 + w. Determine s(p).
4
Let v(t) = 6*t**2 - t + 32. Let z = 25875 + -25875. Give v(z).
32
Let x(b) be the first derivative of 1/24*b**4 + 0*b**3 + 0*b + 14*b**2 - 31. Let p(o) be the second derivative of x(o). What is p(2)?
2
Let l = 25 - 12. Let p(g) = 9*g**2 - 13*g - 24*g**2 + 9*g**2 - g**3 + 11*g**2 + 9*g**2. What is p(l)?
0
Let l(g) = g**2 + 4*g - 5. Let x be l(-5). Let o(m) be the third derivative of -m**5/30 + m**4/24 + 2*m**3 - 465*m**2 + 1. Determine o(x).
12
Let q(v) = 3*v**3 - 2*v**2 + 5*v. Let c(k) be the first derivative of 5/3*k**3 - 11/2*k**2 - k + 26 - 7/4*k**4. Let z(t) = 4*c(t) + 9*q(t). Determine z(3).
-10
Let c(k) = 3*k**2 + 4*k - 2. Let f(b) = -5*b**2 - 10*b + 3. Let r(d) = 5*c(d) + 2*f(d). Calculate r(-2).
16
Let v(i) = -i**2 + 9*i - 9. Let n be (-24)/2*(1/(-3))/1. Suppose 3*y - n + 4 = 0. Suppose t - 38 + 30 = y. Give v(t).
-1
Let k = 651 + -645. Let b(v) = -v**2 + 6*v + 11. Give b(k).
11
Let g(r) = 398*r + 1194. Let d be g(-3). Let o(f) = -f**3 - f**2 - 24. Give o(d).
-24
Let l(s) = -s**2 - 2*s + 316. Suppose 0 = 5*t + 3*u - 79, 0 = -584*t + 588*t + u - 66. Determine l(t).
-7
Let s be (-6)/(-4)*(0 - -2). Let v(i) = 282*i - 283*i + 1263 - 1263. Determine v(s).
-3
Let j(l) be the second derivative of -l**5/20 - l**4/3 - 2*l**3/3 - 5*l**2/2 + 531*l. Determine j(-3).
-2
Let y(p) = p + 19. Let l be y(-16). Let o(h) = -22*h**3 + 1 + 67*h**l - 32*h**3 - 30*h**3. Calculate o(-1).
18
Let t(s) be the second derivative of 4*s**3/3 - 10*s**2 + 999*s. Give t(4).
12
Let a = -817 + 821. Let v(r) be the first derivative of r**3/3 - 3*r**2/2 + 3*r - 8. What is v(a)?
7
Let u(d) be the second derivative of -5*d**3/6 + 57*d**2 - 1444*d. Give u(23).
-1
Let n(z) = 4*z**2 + z + 8. Let k(q) = -4*q**2 - 7. Let l(j) = -4*k(j) - 3*n(j). What is l(1)?
5
Suppose 9 = -2*l + 5*p, 0 = -l - 3*p - 0*p + 12. Suppose u - l*u = 32. Let f = u - -19. Let r(q) = q**3 - 5*q**2 + 4*q. Give r(f).
-6
Let m(a) = -2 + 6*a - 3 + 2*a + 8. Let x be m(0). Let g(w) be the third derivative of w**6/120 - w**5/15 + w**4/12 - 2*w**3/3 - 3*w**2. What is g(x)?
-7
Let m = 29186 - 58371/2. Let o(d) be the second derivative of 13/20*d**5 - m*d**2 + 0*d**3 + 1/12*d**4 - 41*d + 0. Give o(1).
13
Suppose -8*j = -2 + 34. Let i be 0 - (1 - 9 - (j + 1)). Let s(d) = d**3 - 7*d**2 + 8*d - 5. Determine s(i).
-15
Let n(w) = w**3 - 7*w**2 + 5*w + 3. Suppose 4*h + 5*a = 34, 38*h = 39*h - 2*a - 2. Determine n(h).
-3
Let c be (-8)/(-3) - 6235/645. Let b(o) = -o**3 - 7*o**2 - 9. Calculate b(c).
-9
Let c(s) = -s**2 + 7*s - 4. Suppose -3*d = -2*f - 35, -2*f - 7 = -d - 6*f. Let x(h) = 5*h**2 - 34*h + 19. Let a(u) = d*c(u) + 2*x(u). Determine a(8).
2
Let s = 413/6828 - -13/569. Let g(y) be the second derivative of -s*y**4 - 20*y + 5/6*y**3 + 5*y**2 + 0. Give g(7).
-4
Let y(r) = 526*r**2 + 508*r**2 - 7*r - 1035*r**2. Determine y(-7).
0
Let a(r) = -18*r - 3. Suppose -1244*s - 12 = -1232*s. What is a(s)?
15
Suppose 0*q - 3*q = 12, b + 9 = -3*q. Suppose -42 = -b*z - 24. Let h(i) = -i**3 + 7*i**2 - 8*i - 3. Calculate h(z).
-15
Let b(x) = -108*x + 701. Let a(t) = 36*t - 236. Let m(w) = 10*a(w) + 3*b(w). Calculate m(7).
-5
Let l(q) = -2*q - 21. Let m(y) = y. Let s(x) = l(x) + 4*m(x). Let v be s(24). Let j(w) = -2 + 12*w + 16*w - v*w. Calculate j(-6).
-8
Suppose -4*r + 3*r = -12. Let i(p) = -11 + 2*p**2 - r + 7*p - p**2 + 24. Calculate i(-7).
1
Let w = -2156 + 2139. Let o(y) = y + 32. Determine o(w).
15
Let n = -115 + 121. Suppose -v + 2*z + 2 = 0, 3*v + 0 = -4*z + n. Let b(u) = 4*u - u + v*u - 3*u + 1. Calculate b(2).
5
Suppose -4*g + 49 = 2*w - 107, 2*g = -4*w + 282. Let i = 61 - w. Let t be -4 + (1 - i) + -1. Let p(z) = -2*z + 2. Give p(t).
-4
Suppose -2*c + 4*c + 16 = 0. Let y(h) = 37*h**3 - 13*h**2 - 129*h - 27. Let d(t) = 13*t**3 - 5*t**2 - 45*t - 9. Let u(x) = -17*d(x) + 6*y(x). Determine u(c).
-1
Let z be (-435)/85 + 12/102. Let c(p) = 7 + 5*p**2 + 5 + p**3 - 5*p - 20 + 2. Calculate c(z).
19
Let k(z) = -125*z + 129*z - 23 - 24. Determine k(17).
21
Let t be (-5)/15*-21*2. Let h(y) = 21*y**3 + y + y**2 - 25*y**3 - t*y**3. Let b(r) = -r + 8. Let f be b(9). What is h(f)?
18
Let i(l) = -2*l - 2. Let q(o) = 3*o - 13. Let w = -25 + 32. Let m be q(w). Suppose 0*z - 32 = -m*z. Give i(z).
-10
Let f(g) = g**3 + 8*g**2 + 8*g + 2. Let q be (-5)/(-3)*3*(-6)/(-10). Suppose 2*d + 14 = -2*v, -19 = q*d + 2*v + 2. Determine f(d).
-5
Let p(n) = -7 - 1 + 1 + 6*n + 4 + 4. Let j = 12 - 14. Let r be (24/10 + j)*-5. Determine p(r).
-11
Let d(y) = y**2 + 22*y + 104. Let i be ((-21)/126 + (-182)/(-12) - 2)*-1. Determine d(i).
-13
Suppose 86 - 62 = 4*u. Let t(i) = -i**3 + 3*i + 9 + 6*i**2 - 5*i - 2. Determine t(u).
-5
Let v(n) be the first derivative of -n**3/3 - 2*n**2 + 2*n + 108. Let o = 50 + -21. Suppose -31*j - 10 = -o*j. Determine v(j).
-3
Let s(i) = 2*i - 1. Let v(w) = w**3 + 19*w**2 + 16*w - 9. Let k(l) = -10*l + 2. Let j be k(2). Let g be v(j). Suppose -4*t - g = -31. Give s(t).
1
Let m(j) = -j**2 - 18*j - 20. Let g be 1/4 + (248/(-64) + 5)*-18. Calculate m(g).
-60
Let q(a) = -13 + 14 - 29 + 13*a - 3 - 11. Give q(3).
-3
Let t(h) be the second derivative of h**3/3 - 3*h**2/2 - 113*h. Let q be 9/(4/32*6). Let c = -8 + q. What is t(c)?
5
Suppose -25 = -5*z, 0 = -2*u - 0*u - 4*z + 94. Let d = u - 31. Let w be 8/2 - (d + -3 + -1). Let o(t) = 4*t**2 + t - 1. Give o(w).
17
Let v(z) be the third derivative of 1/6*z**4 + 7*z**2 + 0*z - 1/15*z**5 - 1/3*z**3 + 0 - 1/120*z**6. Suppose -o = -5*o - 20. Determine v(o).
3
Let f(z) be the second derivative of -z**4/4 + 7*z**3/6 + 7*z. Let p(s) = -4*s**2 + 7*s + 1. Let g = 26 - 30. Let x(t) = g*p(t) + 5*f(t). Determine x(-6).
-10
Suppose 0 = -t + 62 - 14. Let w(j) = -t + j + 111 - 54. What is w(-6)?
3
Let s be (-5)/2*(-50)/25. Let c(l) = -l**3 + 2*l**2 + 20*l - 11. Calculate c(s).
14
Let x = -149 - -153. Suppose 4*m - x - 16 = -k, -2*m + 16 = 2*k. Let r(q) be the second derivative of q**5/20 - q**4/4 + q**3/6 - q**2/2 - 2*q. Determine r(k).
19
Let o(g) be the third derivative of -g**7/420 - g**6/360 - g**5/30 - g**4/8 + 79*g**3/2 + 17*g**2 + 1. Let h(l) be the first derivative of o(l). What is h(-2)?
17
Let v(c) = 75*c - 3. Suppose -2*w + 5*i + 9 = 0, -i - 8 + 1 = -3*w. Calculate v(w).
147
Let b be (1/(-2))/((-33)/(-24750)). Let g = b - -371. Let r(z) = -z**3 - 5*z**2 - 4*z - 6. Calculate r(g).
-6
Let v(p) = -9*p**2 + 21*p - 19. Let i be -1 - 6/(-10) - (-308)/(-55). Let u(j) = 5*j**2 - 11*j + 10. Let l(h) = i*v(h) - 11*u(h). Calculate l(-6).
-2
Let q(j) be the second derivative of -4*j**3/3 + 27*j**2/2 - 5415*j. Determine q(3).
3
Let h(p) be the first derivative of p**6/180 + p**5/40 + p**4/8 - 65*p**3/3 + 2*p + 48. Let v(u) be the third derivative of h(u). Determine v(-3).
12
Let k(d) = -4*d - 99. Suppose 3*j + 97 = -2*t, 0*t = 5*j - 2*t + 135. What is k(j)?
17
Let r(m) be the second derivative of -m**5/20 - m**4/6 + m**3/2 + 3*m**2/2 + 6*m. Suppose 4*i = i + 6. Let z be 7/(-2) + 3/i. What is r(z)?
-3
Let h(c) = -83*c - 1 - 78*c + 234*c - 72*c + 13*c**2. Give h(1).
13
Let p(d) = -10*d**2 + 8*d + 23. Let t(u) = -3*u**2 + 2*u + 7. Let j(f) = 4*p(f) - 13*t(f). What is j(3)?
10
Let o(u) = -u**3 + 5*u**2 - 4*u + 5. Let p be o(4). Suppose 0 = -2*r + 123 + 37. Let s(j) = 2*j + 75 - r + 6*j - 11*j + j**2. Give s(p).
5
Let s = 5341 - 5329. Let c(g) = 4*g - 29. Let h(l) = -6*l + 43. Let x(i) = -7*c(i) - 5*h(i). Give x(s).
12
Let r(n) = 3*n**2 + 5*n + 5. Let g be r(-1). Suppose -g*a + 2 = 4*c, 5*c + 0 = -a - 3. Let z(w) = 2*w**2 - 3*w. Determine z(a).
2
Let r